W3.CSS

NOAA-Style Climate Reports

Select a Year or Month report
2019: Ιαν Φεβ Μάρ Απρ Μάϊ Ιού Ιού Αύγ Σεπ Οκτ Νοέ Δεκ
2018: Ιαν Φεβ Μάρ Απρ Μάϊ Ιού Ιού Αύγ Σεπ Οκτ Νοέ Δεκ

Report for 2019 Μάρτιος
                   Monthly Climatological Summary for Μαρ 2019

Name: Fytorio moraiti weather   City: Kamena Vourla   State: Greece
Elevation: 6 m  Lat: S 00° 00' 00"   Lon: W 000° 00' 00"

                  Temperature (°C), Rain (mm), Wind Speed (km/h)

                                      Heat  Cool        Avg
    Mean                              Deg   Deg         Wind                 Dom
Day Temp  High   Time   Low    Time   Days  Days  Rain  Speed High   Time    Dir
----------------------------------------------------------------------------------
 1  11.6  20.8   14:32   4.4   05:03   6.9   0.2   0.0   0.0   3.0   23:41   ---
 2  14.9  20.8   14:29   9.9   07:54   3.6   0.2   1.5   0.1  27.0   03:03     Δ
 3  11.3  17.4   13:23   7.1   23:58   7.0   0.0   2.4   0.1  12.0   16:10     Α
 4  10.0  16.7   13:33   4.6   07:11   8.3   0.0   0.0   0.0   0.0   00:00   ---
 5  11.6  20.3   15:35   4.5   06:39   6.8   0.2   0.0   0.0   0.0   00:00   ---
 6  17.0  23.3   15:31  10.2   00:00   2.2   0.9   0.0   0.0  11.0   14:14   ΑΒΑ
 7  13.5  21.8   16:00   6.2   07:10   5.3   0.5   0.0   0.0   0.0   00:00   ---
 8  13.1  21.4   15:52   7.0   07:15   5.6   0.4   0.0   0.0   0.0   00:00   ---
 9  14.8  21.2   15:51   6.8   07:04   4.0   0.5   0.0   0.0   3.0   21:45   ---
10  19.5  24.0   16:41  13.7   06:16   0.6   1.7   0.0   0.0   1.0   02:56   ---
11  18.9  24.0   14:03  14.0   02:14   0.9   1.5   0.0   0.0  22.0   08:42   ΔΝΔ
12  12.9  18.2   12:44   3.3   23:38   5.4   0.0  33.9   0.0   1.0   15:00   ---
13   7.4  10.3   15:38   3.5   00:18  10.9   0.0  20.4   0.0   0.0   00:18   ---
14   9.6  14.6   14:38   3.5   06:38   8.7   0.0  14.1   0.0   0.0   00:18   ---
15   9.4  14.1   17:18   6.4   22:18   9.0   0.0   2.7   0.0   0.0   00:18   ---
16  14.4  19.5   14:45   5.9   01:58   3.9   0.1   0.0   0.0   0.0   00:18   ---
17  16.0  24.0   16:26   8.1   07:08   3.4   1.1   0.0   0.0   1.0   03:04   ---
18  14.2  22.4   15:00   6.8   06:39   4.8   0.7   0.0   0.0   0.0   00:00   ---
19  14.8  22.0   13:22   7.9   05:52   4.2   0.7   0.0   0.0   0.0   00:00   ---
20  13.4  19.5   16:21   7.8   05:07   5.0   0.1   0.0   0.0   0.0   00:00   ---
21  14.0  18.8   13:47   9.3   22:13   4.3   0.0   0.0   0.0   1.0   10:17   ---
22  11.9  17.2   14:53   7.9   03:11   6.4   0.0   0.0   0.0   0.0   00:00   ---
23  12.7  19.9   14:19   6.0   05:04   5.8   0.3   0.0   0.0   1.0   16:36   ---
24  12.5  18.7   15:40   7.6   04:57   5.8   0.0   0.0   0.0   0.0   00:00   ---
25  12.7  21.2   16:48   5.9   05:41   6.0   0.4   0.0   0.0   0.0   00:00   ---
26  13.1  19.8   14:28   7.3   03:11   5.3   0.1   0.0   0.0  11.0   13:12   ΔΝΔ
27  12.9  15.2   10:00  10.0   01:49   5.4   0.0   0.0   0.0   0.0   00:00   ---
28  11.9  13.2   12:49  10.3   03:50   6.4   0.0   4.8   0.0   1.0   11:23   ---
29  11.7  15.4   13:52  10.0   19:48   6.6   0.0   0.0   0.0   1.0   22:17   ---
30  11.8  16.9   15:51   7.0   23:30   6.5   0.0   0.0   0.0   1.0   15:15   ---
31  13.5  20.3   15:21   6.8   04:05   5.0   0.3   0.0   0.0   0.0   00:00   ---
----------------------------------------------------------------------------------
    13.1  24.0    10     3.3    12   170.0   9.9  79.8   0.0  27.0     2       Δ

Max >=  27.0:  0
Max <=   0.0:  0
Min <=   0.0:  0
Min <= -18.0:  0
Max Rain: 33.9 on day 12
Days of Rain: 7 (>= 0.2 mm)  6 (>= 2.0 mm)  2 (>= 20.0 mm)
Heat Base: 18.3  Cool Base: 18.3  Method: Integration